{"id":175,"date":"2024-08-10T16:01:04","date_gmt":"2024-08-10T16:01:04","guid":{"rendered":"https:\/\/www.bioslab.rs\/apoteka\/?post_type=product&#038;p=175"},"modified":"2024-08-10T16:01:04","modified_gmt":"2024-08-10T16:01:04","slug":"dermal","status":"publish","type":"product","link":"https:\/\/www.bioslab.rs\/apoteka\/product\/dermal\/","title":{"rendered":"Dermal"},"content":{"rendered":"<div id=\"ez-toc-container\" class=\"ez-toc-v2_0_83 counter-hierarchy ez-toc-counter ez-toc-grey ez-toc-container-direction\">\n<div class=\"ez-toc-title-container\">\n<p class=\"ez-toc-title\" style=\"cursor:inherit\">Pregled sadr\u017eaja<\/p>\n<span class=\"ez-toc-title-toggle\"><a href=\"#\" class=\"ez-toc-pull-right ez-toc-btn ez-toc-btn-xs ez-toc-btn-default ez-toc-toggle\" aria-label=\"Toggle Table of Content\"><span class=\"ez-toc-js-icon-con\"><span class=\"\"><span class=\"eztoc-hide\" style=\"display:none;\">Toggle<\/span><span class=\"ez-toc-icon-toggle-span\"><svg style=\"fill: #999;color:#999\" xmlns=\"http:\/\/www.w3.org\/2000\/svg\" class=\"list-377408\" width=\"20px\" height=\"20px\" viewBox=\"0 0 24 24\" fill=\"none\"><path d=\"M6 6H4v2h2V6zm14 0H8v2h12V6zM4 11h2v2H4v-2zm16 0H8v2h12v-2zM4 16h2v2H4v-2zm16 0H8v2h12v-2z\" fill=\"currentColor\"><\/path><\/svg><svg style=\"fill: #999;color:#999\" class=\"arrow-unsorted-368013\" xmlns=\"http:\/\/www.w3.org\/2000\/svg\" width=\"10px\" height=\"10px\" viewBox=\"0 0 24 24\" version=\"1.2\" baseProfile=\"tiny\"><path d=\"M18.2 9.3l-6.2-6.3-6.2 6.3c-.2.2-.3.4-.3.7s.1.5.3.7c.2.2.4.3.7.3h11c.3 0 .5-.1.7-.3.2-.2.3-.5.3-.7s-.1-.5-.3-.7zM5.8 14.7l6.2 6.3 6.2-6.3c.2-.2.3-.5.3-.7s-.1-.5-.3-.7c-.2-.2-.4-.3-.7-.3h-11c-.3 0-.5.1-.7.3-.2.2-.3.5-.3.7s.1.5.3.7z\"\/><\/svg><\/span><\/span><\/span><\/a><\/span><\/div>\n<nav><ul class='ez-toc-list ez-toc-list-level-1 eztoc-toggle-hide-by-default' ><li class='ez-toc-page-1 ez-toc-heading-level-2'><a class=\"ez-toc-link ez-toc-heading-1\" href=\"https:\/\/www.bioslab.rs\/apoteka\/product\/dermal\/#Kako_funkcionise_Dermal\" >Kako funkcioni\u0161e Dermal?<\/a><\/li><li class='ez-toc-page-1 ez-toc-heading-level-2'><a class=\"ez-toc-link ez-toc-heading-2\" href=\"https:\/\/www.bioslab.rs\/apoteka\/product\/dermal\/#Dermal_%E2%80%93_Iskustva_i_misljenja\" >Dermal &#8211; Iskustva i mi\u0161ljenja<\/a><\/li><li class='ez-toc-page-1 ez-toc-heading-level-2'><a class=\"ez-toc-link ez-toc-heading-3\" href=\"https:\/\/www.bioslab.rs\/apoteka\/product\/dermal\/#Dermal_%E2%80%93_Sastav_i_sastojci\" >Dermal &#8211; Sastav i sastojci<\/a><ul class='ez-toc-list-level-3' ><li class='ez-toc-heading-level-3'><a class=\"ez-toc-link ez-toc-heading-4\" href=\"https:\/\/www.bioslab.rs\/apoteka\/product\/dermal\/#Cvet_Nevena\" >Cvet Nevena<\/a><\/li><li class='ez-toc-page-1 ez-toc-heading-level-3'><a class=\"ez-toc-link ez-toc-heading-5\" href=\"https:\/\/www.bioslab.rs\/apoteka\/product\/dermal\/#Hajducka_trava\" >Hajdu\u010dka trava<\/a><\/li><li class='ez-toc-page-1 ez-toc-heading-level-3'><a class=\"ez-toc-link ez-toc-heading-6\" href=\"https:\/\/www.bioslab.rs\/apoteka\/product\/dermal\/#Kantarion\" >Kantarion<\/a><\/li><li class='ez-toc-page-1 ez-toc-heading-level-3'><a class=\"ez-toc-link ez-toc-heading-7\" href=\"https:\/\/www.bioslab.rs\/apoteka\/product\/dermal\/#Cvet_Ljiljana\" >Cvet Ljiljana<\/a><\/li><\/ul><\/li><li class='ez-toc-page-1 ez-toc-heading-level-2'><a class=\"ez-toc-link ez-toc-heading-8\" href=\"https:\/\/www.bioslab.rs\/apoteka\/product\/dermal\/#Dermal_%E2%80%93_Prednosti_i_rezultati\" >Dermal &#8211; Prednosti i rezultati<\/a><\/li><li class='ez-toc-page-1 ez-toc-heading-level-2'><a class=\"ez-toc-link ez-toc-heading-9\" href=\"https:\/\/www.bioslab.rs\/apoteka\/product\/dermal\/#Gde_kupiti_Dermal_u_Srbiji_Apoteka_DM_Lilly\" >Gde kupiti Dermal u Srbiji? Apoteka, DM, Lilly<\/a><\/li><li class='ez-toc-page-1 ez-toc-heading-level-2'><a class=\"ez-toc-link ez-toc-heading-10\" href=\"https:\/\/www.bioslab.rs\/apoteka\/product\/dermal\/#Koliko_kosta_Dermal_Cena\" >Koliko ko\u0161ta Dermal? Cena<\/a><\/li><li class='ez-toc-page-1 ez-toc-heading-level-2'><a class=\"ez-toc-link ez-toc-heading-11\" href=\"https:\/\/www.bioslab.rs\/apoteka\/product\/dermal\/#Kako_se_koristi_Dermal_Uputstvo_za_upotrebu\" >Kako se koristi Dermal? Uputstvo za upotrebu<\/a><\/li><li class='ez-toc-page-1 ez-toc-heading-level-2'><a class=\"ez-toc-link ez-toc-heading-12\" href=\"https:\/\/www.bioslab.rs\/apoteka\/product\/dermal\/#Dermal_%E2%80%93_Kontraindikacije_i_nezeljeni_efekti\" >Dermal &#8211; Kontraindikacije i ne\u017eeljeni efekti<\/a><\/li><\/ul><\/nav><\/div>\n<p class=\"text-body font-regular leading-[24px] pt-[9px] pb-[2px]\" dir=\"ltr\">Dermal je biljna krema posebno formulisana da pru\u017ei podr\u0161ku u ubla\u017eavanju simptoma izazvanih psorijazom. Njegova prirodna formula \u010dini ga idealnim za spoljnu upotrebu, omogu\u0107avaju\u0107i korisnicima da ga koriste na celom telu. Oni koji su ga ve\u0107 isprobali \u010desto isti\u010du kako Dermal umiruje ko\u017eu i poma\u017ee u odr\u017eavanju nje\u017enosti i elasti\u010dnosti, \u010dine\u0107i svakodnevnu negu prijatnijom.<\/p>\n<p class=\"text-body font-regular leading-[24px] pt-[9px] pb-[2px]\" dir=\"ltr\">Mnogi korisnici nagla\u0161avaju kako je Dermal postao nezamenljiv deo njihove rutine nege ko\u017ee. Njegova sposobnost da umiri iritacije i odr\u017ei ko\u017eu hidratizovanom dolazi kao olak\u0161anje mnogima koji se bore sa psorijazom. Bez obzira na va\u0161u starost ili tip ko\u017ee, Dermal nudi univerzalno re\u0161enje koje je lako integrisati u svakodnevni \u017eivot.<\/p>\n<h2 class=\"font-bold text-h3 leading-[36px] pt-[21px] pb-[2px] [&amp;_a]:underline-offset-[6px] [&amp;_.underline]:underline-offset-[6px]\" dir=\"ltr\"><span class=\"ez-toc-section\" id=\"Kako_funkcionise_Dermal\"><\/span>Kako funkcioni\u0161e Dermal?<span class=\"ez-toc-section-end\"><\/span><\/h2>\n<p class=\"text-body font-regular leading-[24px] pt-[9px] pb-[2px]\" dir=\"ltr\">Dermal funkcioni\u0161e tako \u0161to svojim bogatim i umiruju\u0107im svojstvima pru\u017ea olak\u0161anje ko\u017ei pogo\u0111enoj psorijazom. Kremu karakteri\u0161u biljke koje su poznate po svom blagotvornom dejstvu na iritiranu i o\u0161te\u0107enu ko\u017eu. Njegova sposobnost da duboko prodre u ko\u017eu omogu\u0107ava dugotrajnu hidrataciju i za\u0161titu od spolja\u0161njih uticaja.<\/p>\n<p class=\"text-body font-regular leading-[24px] pt-[9px] pb-[2px]\" dir=\"ltr\">Redovnom upotrebom, Dermal poma\u017ee u smanjenju crvenila i svraba, \u0161to su dva naj\u010de\u0161\u0107a simptoma psorijaze. Korisnici \u010desto prime\u0107uju pobolj\u0161anje u stanju ko\u017ee ve\u0107 nakon nekoliko dana kori\u0161\u0107enja, zahvaljuju\u0107i njegovoj formuli koja poma\u017ee u obnovi prirodne barijere ko\u017ee.<\/p>\n<h2 class=\"font-bold text-h3 leading-[36px] pt-[21px] pb-[2px] [&amp;_a]:underline-offset-[6px] [&amp;_.underline]:underline-offset-[6px]\" dir=\"ltr\"><span class=\"ez-toc-section\" id=\"Dermal_%E2%80%93_Iskustva_i_misljenja\"><\/span>Dermal &#8211; Iskustva i mi\u0161ljenja<span class=\"ez-toc-section-end\"><\/span><\/h2>\n<p class=\"text-body font-regular leading-[24px] pt-[9px] pb-[2px]\" dir=\"ltr\">Korisni\u010dki komentari su klju\u010dni za razumevanje stvarne vrednosti proizvoda kao \u0161to je Dermal. Mnogi korisnici su izrazili svoje zadovoljstvo nakon kori\u0161\u0107enja ove kreme, isti\u010du\u0107i kako su im pomogla da se ose\u0107aju sigurnije i manje optere\u0107eno svojim stanjem ko\u017ee.<\/p>\n<p class=\"text-body font-regular leading-[24px] pt-[9px] pb-[2px]\" dir=\"ltr\">\u201eDermal mi je promenio \u017eivot! Nakon godina borbe s psorijazom, kona\u010dno sam prona\u0161la ne\u0161to \u0161to stvarno poma\u017ee,\u201c ka\u017ee Jelena iz Novog Sada.<\/p>\n<p class=\"text-body font-regular leading-[24px] pt-[9px] pb-[2px]\" dir=\"ltr\">\u201eKo\u017ea mi je bila toliko suva i iritirana, ali nakon samo nedelju dana kori\u0161\u0107enja Dermala videla sam ogromnu razliku,\u201c dodaje Marko iz Beograda.<\/p>\n<p class=\"text-body font-regular leading-[24px] pt-[9px] pb-[2px]\" dir=\"ltr\">\u201ePreporu\u010dila bih Dermal svakome ko se bori sa psorijazom. Ose\u0107am se puno bolje i moja ko\u017ea izgleda zdravije,\u201c isti\u010de Ana iz Ni\u0161a.<\/p>\n<h2 class=\"font-bold text-h3 leading-[36px] pt-[21px] pb-[2px] [&amp;_a]:underline-offset-[6px] [&amp;_.underline]:underline-offset-[6px]\" dir=\"ltr\"><span class=\"ez-toc-section\" id=\"Dermal_%E2%80%93_Sastav_i_sastojci\"><\/span>Dermal &#8211; Sastav i sastojci<span class=\"ez-toc-section-end\"><\/span><\/h2>\n<p class=\"text-body font-regular leading-[24px] pt-[9px] pb-[2px]\" dir=\"ltr\">Sastav Dermala oslanja se na prirodne ekstrakte koji su pa\u017eljivo odabrani za ciljanje specifi\u010dnih problema ko\u017ee.<\/p>\n<h3 class=\"font-bold text-h4 leading-[30px] pt-[15px] pb-[2px] [&amp;_a]:underline-offset-[6px] [&amp;_.underline]:underline-offset-[6px]\" dir=\"ltr\"><span class=\"ez-toc-section\" id=\"Cvet_Nevena\"><\/span>Cvet Nevena<span class=\"ez-toc-section-end\"><\/span><\/h3>\n<p class=\"text-body font-regular leading-[24px] pt-[9px] pb-[2px]\" dir=\"ltr\">Cvet nevena je poznat po svojim antiinflamatornim i umiruju\u0107im svojstvima. Poma\u017ee u smanjivanju crvenila i iritacije, \u0161to ga \u010dini savr\u0161enim sastojkom za proizvode namenjene osetljivoj ko\u017ei.<\/p>\n<h3 class=\"font-bold text-h4 leading-[30px] pt-[15px] pb-[2px] [&amp;_a]:underline-offset-[6px] [&amp;_.underline]:underline-offset-[6px]\" dir=\"ltr\"><span class=\"ez-toc-section\" id=\"Hajducka_trava\"><\/span>Hajdu\u010dka trava<span class=\"ez-toc-section-end\"><\/span><\/h3>\n<p class=\"text-body font-regular leading-[24px] pt-[9px] pb-[2px]\" dir=\"ltr\">Hajdu\u010dka trava ima sposobnost da ubrzava proces zarastanja rana i obnavljanja ko\u017ee. Njen ekstrakt poma\u017ee u odr\u017eavanju ko\u017ee hidriranom i elasti\u010dnom.<\/p>\n<h3 class=\"font-bold text-h4 leading-[30px] pt-[15px] pb-[2px] [&amp;_a]:underline-offset-[6px] [&amp;_.underline]:underline-offset-[6px]\" dir=\"ltr\"><span class=\"ez-toc-section\" id=\"Kantarion\"><\/span>Kantarion<span class=\"ez-toc-section-end\"><\/span><\/h3>\n<p class=\"text-body font-regular leading-[24px] pt-[9px] pb-[2px]\" dir=\"ltr\">Poznat po svojim regenerativnim svojstvima, kantarion u Dermalu poma\u017ee u obnovi o\u0161te\u0107enog tkiva i pru\u017ea duboku hidrataciju suvoj ko\u017ei.<\/p>\n<h3 class=\"font-bold text-h4 leading-[30px] pt-[15px] pb-[2px] [&amp;_a]:underline-offset-[6px] [&amp;_.underline]:underline-offset-[6px]\" dir=\"ltr\"><span class=\"ez-toc-section\" id=\"Cvet_Ljiljana\"><\/span>Cvet Ljiljana<span class=\"ez-toc-section-end\"><\/span><\/h3>\n<p class=\"text-body font-regular leading-[24px] pt-[9px] pb-[2px]\" dir=\"ltr\">Cvet ljiljana dodaje ko\u017ei neophodnu vlagu i osve\u017eava je, \u010dime doprinosi njenom zdravijem izgledu i ose\u0107aju.<\/p>\n<h2 class=\"font-bold text-h3 leading-[36px] pt-[21px] pb-[2px] [&amp;_a]:underline-offset-[6px] [&amp;_.underline]:underline-offset-[6px]\" dir=\"ltr\"><span class=\"ez-toc-section\" id=\"Dermal_%E2%80%93_Prednosti_i_rezultati\"><\/span>Dermal &#8211; Prednosti i rezultati<span class=\"ez-toc-section-end\"><\/span><\/h2>\n<p class=\"text-body font-regular leading-[24px] pt-[9px] pb-[2px]\" dir=\"ltr\">Prednosti kori\u0161\u0107enja Dermala su vi\u0161estruke. Prvo i najva\u017enije, njegova sposobnost da umiri ko\u017eu i smanji simptome psorijaze je impresivna. Korisnici \u010desto isti\u010du kako im je pomogao u obnovi o\u0161te\u0107ene ko\u017ee i u smanjenju svraba i lju\u0161tenja.<\/p>\n<p class=\"text-body font-regular leading-[24px] pt-[9px] pb-[2px]\" dir=\"ltr\">Redovna upotreba mo\u017ee zna\u010dajno pobolj\u0161ati ukupnu teksturu ko\u017ee, \u010dine\u0107i je mek\u0161om i podatnijom. Osim toga, Dermal doprinosi dugotrajnoj hidrataciji, \u0161to je od su\u0161tinskog zna\u010daja za osobe sa suvom i iritiranom ko\u017eom.<\/p>\n<p class=\"text-body font-regular leading-[24px] pt-[9px] pb-[2px]\" dir=\"ltr\">Kombinovanjem prirodnih sastojaka, Dermal pru\u017ea holisti\u010dki pristup nezi ko\u017ee, \u0161to je \u010desto ono \u0161to je potrebno za odr\u017eavanje zdravlja i lepote va\u0161e ko\u017ee.<\/p>\n<h2 class=\"font-bold text-h3 leading-[36px] pt-[21px] pb-[2px] [&amp;_a]:underline-offset-[6px] [&amp;_.underline]:underline-offset-[6px]\" dir=\"ltr\"><span class=\"ez-toc-section\" id=\"Gde_kupiti_Dermal_u_Srbiji_Apoteka_DM_Lilly\"><\/span>Gde kupiti Dermal u Srbiji? Apoteka, DM, Lilly<span class=\"ez-toc-section-end\"><\/span><\/h2>\n<p class=\"text-body font-regular leading-[24px] pt-[9px] pb-[2px]\" dir=\"ltr\">Dermal se mo\u017ee kupiti isklju\u010divo na zvani\u010dnoj veb stranici proizvo\u0111a\u010da. Ovo osigurava da svaki kupac dobija originalan proizvod direktno od proizvo\u0111a\u010da, bez rizika od falsifikata ili neadekvatnog \u010duvanja proizvoda.<\/p>\n<p class=\"text-body font-regular leading-[24px] pt-[9px] pb-[2px]\" dir=\"ltr\">Na ovaj na\u010din, proizvo\u0111a\u010di mogu garantovati kvalitet svakog pakovanja i pru\u017eiti potpunu podr\u0161ku kupcima u vezi sa njihovim narud\u017ebinama ili pitanjima o proizvodu.<\/p>\n<h2 class=\"font-bold text-h3 leading-[36px] pt-[21px] pb-[2px] [&amp;_a]:underline-offset-[6px] [&amp;_.underline]:underline-offset-[6px]\" dir=\"ltr\"><span class=\"ez-toc-section\" id=\"Koliko_kosta_Dermal_Cena\"><\/span>Koliko ko\u0161ta Dermal? Cena<span class=\"ez-toc-section-end\"><\/span><\/h2>\n<p class=\"text-body font-regular leading-[24px] pt-[9px] pb-[2px]\" dir=\"ltr\">Cena Dermala je 3700 dinara. Ova cena reflektuje kvalitet sastojaka i prednosti koje pru\u017ea svakom korisniku. Investicija u Dermal je ulaganje u zdravlje i blagostanje va\u0161e ko\u017ee, \u010dine\u0107i svaki dinar vi\u0161e nego vrednim.<\/p>\n<h2 class=\"font-bold text-h3 leading-[36px] pt-[21px] pb-[2px] [&amp;_a]:underline-offset-[6px] [&amp;_.underline]:underline-offset-[6px]\" dir=\"ltr\"><span class=\"ez-toc-section\" id=\"Kako_se_koristi_Dermal_Uputstvo_za_upotrebu\"><\/span>Kako se koristi Dermal? Uputstvo za upotrebu<span class=\"ez-toc-section-end\"><\/span><\/h2>\n<p class=\"text-body font-regular leading-[24px] pt-[9px] pb-[2px]\" dir=\"ltr\">Kori\u0161\u0107enje Dermala je jednostavno i bezbedno. Preporu\u010duje se nano\u0161enje ujutro i uve\u010de, nakon \u0161to ste temeljno o\u010distili i osu\u0161ili targetirane regije ko\u017ee. Naneti blag sloj kreme i ne\u017eno utapkati, vode\u0107i ra\u010duna da pokrijete celu povr\u0161inu zahva\u0107ene ko\u017ee.<\/p>\n<p class=\"text-body font-regular leading-[24px] pt-[9px] pb-[2px]\" dir=\"ltr\">Ostavite kremu da se upije pre nego \u0161to nastavite sa va\u0161im uobi\u010dajenim rutinama nege ili obla\u010denja. Uz redovnu upotrebu, primeti\u0107ete kako Dermal postaje nezaobilazan deo va\u0161e svakodnevne rutine.<\/p>\n<h2 class=\"font-bold text-h3 leading-[36px] pt-[21px] pb-[2px] [&amp;_a]:underline-offset-[6px] [&amp;_.underline]:underline-offset-[6px]\" dir=\"ltr\"><span class=\"ez-toc-section\" id=\"Dermal_%E2%80%93_Kontraindikacije_i_nezeljeni_efekti\"><\/span>Dermal &#8211; Kontraindikacije i ne\u017eeljeni efekti<span class=\"ez-toc-section-end\"><\/span><\/h2>\n<p class=\"text-body font-regular leading-[24px] pt-[9px] pb-[2px]\" dir=\"ltr\">Iako je Dermal formulisan sa sigurno\u0161\u0107u na umu, preporu\u010duje se da osobe koje su trudne, dojilje, kao i deca izbegavaju njegovu upotrebu. Tako\u0111e, ako ste alergi\u010dni na bilo koji od navedenih sastojaka, konsultujte se sa lekarom pre upotrebe.<\/p>\n<p class=\"text-body font-regular leading-[24px] pt-[9px] pb-[2px]\" dir=\"ltr\">U retkim slu\u010dajevima, mo\u017ee do\u0107i do iritacije ili crvenila, u kojem slu\u010daju je preporu\u010dljivo prekinuti upotrebu i obratiti se stru\u010dnjaku za savet. Dermal je dizajniran da bude \u0161to bezbedniji, ali kao i kod svakog proizvoda, individualne reakcije mogu varirati.<\/p>\n","protected":false},"excerpt":{"rendered":"<p>Dermal je biljna krema posebno formulisana da pru\u017ei podr\u0161ku u ubla\u017eavanju simptoma izazvanih psorijazom. Njegova prirodna formula \u010dini ga idealnim [&hellip;]<\/p>\n","protected":false},"featured_media":176,"template":"","meta":{"site-sidebar-layout":"default","site-content-layout":"","ast-site-content-layout":"default","site-content-style":"default","site-sidebar-style":"default","ast-global-header-display":"","ast-banner-title-visibility":"","ast-main-header-display":"","ast-hfb-above-header-display":"","ast-hfb-below-header-display":"","ast-hfb-mobile-header-display":"","site-post-title":"","ast-breadcrumbs-content":"","ast-featured-img":"","footer-sml-layout":"","ast-disable-related-posts":"","theme-transparent-header-meta":"default","adv-header-id-meta":"","stick-header-meta":"","header-above-stick-meta":"","header-main-stick-meta":"","header-below-stick-meta":"","astra-migrate-meta-layouts":"set","ast-page-background-enabled":"default","ast-page-background-meta":{"desktop":{"background-color":"var(--ast-global-color-4)","background-image":"","background-repeat":"repeat","background-position":"center center","background-size":"auto","background-attachment":"scroll","background-type":"","background-media":"","overlay-type":"","overlay-color":"","overlay-opacity":"","overlay-gradient":""},"tablet":{"background-color":"","background-image":"","background-repeat":"repeat","background-position":"center center","background-size":"auto","background-attachment":"scroll","background-type":"","background-media":"","overlay-type":"","overlay-color":"","overlay-opacity":"","overlay-gradient":""},"mobile":{"background-color":"","background-image":"","background-repeat":"repeat","background-position":"center center","background-size":"auto","background-attachment":"scroll","background-type":"","background-media":"","overlay-type":"","overlay-color":"","overlay-opacity":"","overlay-gradient":""}},"ast-content-background-meta":{"desktop":{"background-color":"var(--ast-global-color-5)","background-image":"","background-repeat":"repeat","background-position":"center center","background-size":"auto","background-attachment":"scroll","background-type":"","background-media":"","overlay-type":"","overlay-color":"","overlay-opacity":"","overlay-gradient":""},"tablet":{"background-color":"var(--ast-global-color-5)","background-image":"","background-repeat":"repeat","background-position":"center center","background-size":"auto","background-attachment":"scroll","background-type":"","background-media":"","overlay-type":"","overlay-color":"","overlay-opacity":"","overlay-gradient":""},"mobile":{"background-color":"var(--ast-global-color-5)","background-image":"","background-repeat":"repeat","background-position":"center center","background-size":"auto","background-attachment":"scroll","background-type":"","background-media":"","overlay-type":"","overlay-color":"","overlay-opacity":"","overlay-gradient":""}},"iawp_total_views":137},"product_brand":[],"product_cat":[15],"product_tag":[],"class_list":{"0":"post-175","1":"product","2":"type-product","3":"status-publish","4":"has-post-thumbnail","6":"product_cat-zdravlje","7":"desktop-align-left","8":"tablet-align-left","9":"mobile-align-left","11":"first","12":"instock","13":"sale","14":"shipping-taxable","15":"purchasable","16":"product-type-simple"},"yoast_head":"<!-- This site is optimized with the Yoast SEO plugin v27.6 - https:\/\/yoast.com\/product\/yoast-seo-wordpress\/ -->\n<title>Dermal - Svet Dodataka Prehrani<\/title>\n<meta name=\"robots\" content=\"index, follow, max-snippet:-1, max-image-preview:large, max-video-preview:-1\" \/>\n<link rel=\"canonical\" href=\"https:\/\/www.bioslab.rs\/apoteka\/product\/dermal\/\" \/>\n<meta property=\"og:locale\" content=\"sr_RS\" \/>\n<meta property=\"og:type\" content=\"article\" \/>\n<meta property=\"og:title\" content=\"Dermal - Svet Dodataka Prehrani\" \/>\n<meta property=\"og:description\" content=\"Dermal je biljna krema posebno formulisana da pru\u017ei podr\u0161ku u ubla\u017eavanju simptoma izazvanih psorijazom. Njegova prirodna formula \u010dini ga idealnim [&hellip;]\" \/>\n<meta property=\"og:url\" content=\"https:\/\/www.bioslab.rs\/apoteka\/product\/dermal\/\" \/>\n<meta property=\"og:site_name\" content=\"Svet Dodataka Prehrani\" \/>\n<meta property=\"article:publisher\" content=\"https:\/\/www.facebook.com\/www.bioslab.rs\/\" \/>\n<meta property=\"og:image\" content=\"https:\/\/www.bioslab.rs\/apoteka\/wp-content\/uploads\/2024\/08\/dermal.jpg\" \/>\n\t<meta property=\"og:image:width\" content=\"250\" \/>\n\t<meta property=\"og:image:height\" content=\"300\" \/>\n\t<meta property=\"og:image:type\" content=\"image\/jpeg\" \/>\n<meta name=\"twitter:card\" content=\"summary_large_image\" \/>\n<meta name=\"twitter:label1\" content=\"\u041f\u0440\u043e\u0446\u0435\u045a\u0435\u043d\u043e \u0432\u0440\u0435\u043c\u0435 \u0447\u0438\u0442\u0430\u045a\u0430\" \/>\n\t<meta name=\"twitter:data1\" content=\"5 \u043c\u0438\u043d\u0443\u0442\u0430\" \/>\n<script type=\"application\/ld+json\" class=\"yoast-schema-graph\">{\"@context\":\"https:\\\/\\\/schema.org\",\"@graph\":[{\"@type\":\"WebPage\",\"@id\":\"https:\\\/\\\/www.bioslab.rs\\\/apoteka\\\/product\\\/dermal\\\/\",\"url\":\"https:\\\/\\\/www.bioslab.rs\\\/apoteka\\\/product\\\/dermal\\\/\",\"name\":\"Dermal - Svet Dodataka Prehrani\",\"isPartOf\":{\"@id\":\"http:\\\/\\\/www.bioslab.rs\\\/apoteka\\\/#website\"},\"primaryImageOfPage\":{\"@id\":\"https:\\\/\\\/www.bioslab.rs\\\/apoteka\\\/product\\\/dermal\\\/#primaryimage\"},\"image\":{\"@id\":\"https:\\\/\\\/www.bioslab.rs\\\/apoteka\\\/product\\\/dermal\\\/#primaryimage\"},\"thumbnailUrl\":\"https:\\\/\\\/www.bioslab.rs\\\/apoteka\\\/wp-content\\\/uploads\\\/2024\\\/08\\\/dermal.jpg\",\"datePublished\":\"2024-08-10T16:01:04+00:00\",\"breadcrumb\":{\"@id\":\"https:\\\/\\\/www.bioslab.rs\\\/apoteka\\\/product\\\/dermal\\\/#breadcrumb\"},\"inLanguage\":\"sr-RS\",\"potentialAction\":[{\"@type\":\"ReadAction\",\"target\":[\"https:\\\/\\\/www.bioslab.rs\\\/apoteka\\\/product\\\/dermal\\\/\"]}]},{\"@type\":\"ImageObject\",\"inLanguage\":\"sr-RS\",\"@id\":\"https:\\\/\\\/www.bioslab.rs\\\/apoteka\\\/product\\\/dermal\\\/#primaryimage\",\"url\":\"https:\\\/\\\/www.bioslab.rs\\\/apoteka\\\/wp-content\\\/uploads\\\/2024\\\/08\\\/dermal.jpg\",\"contentUrl\":\"https:\\\/\\\/www.bioslab.rs\\\/apoteka\\\/wp-content\\\/uploads\\\/2024\\\/08\\\/dermal.jpg\",\"width\":250,\"height\":300,\"caption\":\"dermal\"},{\"@type\":\"BreadcrumbList\",\"@id\":\"https:\\\/\\\/www.bioslab.rs\\\/apoteka\\\/product\\\/dermal\\\/#breadcrumb\",\"itemListElement\":[{\"@type\":\"ListItem\",\"position\":1,\"name\":\"Home\",\"item\":\"http:\\\/\\\/www.bioslab.rs\\\/apoteka\\\/\"},{\"@type\":\"ListItem\",\"position\":2,\"name\":\"Dodaci Prehrani\",\"item\":\"http:\\\/\\\/www.bioslab.rs\\\/apoteka\\\/\"},{\"@type\":\"ListItem\",\"position\":3,\"name\":\"Dermal\"}]},{\"@type\":\"WebSite\",\"@id\":\"http:\\\/\\\/www.bioslab.rs\\\/apoteka\\\/#website\",\"url\":\"http:\\\/\\\/www.bioslab.rs\\\/apoteka\\\/\",\"name\":\"Srbija Apoteka\",\"description\":\"\",\"potentialAction\":[{\"@type\":\"SearchAction\",\"target\":{\"@type\":\"EntryPoint\",\"urlTemplate\":\"http:\\\/\\\/www.bioslab.rs\\\/apoteka\\\/?s={search_term_string}\"},\"query-input\":{\"@type\":\"PropertyValueSpecification\",\"valueRequired\":true,\"valueName\":\"search_term_string\"}}],\"inLanguage\":\"sr-RS\"}]}<\/script>\n<!-- \/ Yoast SEO plugin. -->","yoast_head_json":{"title":"Dermal - Svet Dodataka Prehrani","robots":{"index":"index","follow":"follow","max-snippet":"max-snippet:-1","max-image-preview":"max-image-preview:large","max-video-preview":"max-video-preview:-1"},"canonical":"https:\/\/www.bioslab.rs\/apoteka\/product\/dermal\/","og_locale":"sr_RS","og_type":"article","og_title":"Dermal - Svet Dodataka Prehrani","og_description":"Dermal je biljna krema posebno formulisana da pru\u017ei podr\u0161ku u ubla\u017eavanju simptoma izazvanih psorijazom. Njegova prirodna formula \u010dini ga idealnim [&hellip;]","og_url":"https:\/\/www.bioslab.rs\/apoteka\/product\/dermal\/","og_site_name":"Svet Dodataka Prehrani","article_publisher":"https:\/\/www.facebook.com\/www.bioslab.rs\/","og_image":[{"width":250,"height":300,"url":"https:\/\/www.bioslab.rs\/apoteka\/wp-content\/uploads\/2024\/08\/dermal.jpg","type":"image\/jpeg"}],"twitter_card":"summary_large_image","twitter_misc":{"\u041f\u0440\u043e\u0446\u0435\u045a\u0435\u043d\u043e \u0432\u0440\u0435\u043c\u0435 \u0447\u0438\u0442\u0430\u045a\u0430":"5 \u043c\u0438\u043d\u0443\u0442\u0430"},"schema":{"@context":"https:\/\/schema.org","@graph":[{"@type":"WebPage","@id":"https:\/\/www.bioslab.rs\/apoteka\/product\/dermal\/","url":"https:\/\/www.bioslab.rs\/apoteka\/product\/dermal\/","name":"Dermal - Svet Dodataka Prehrani","isPartOf":{"@id":"http:\/\/www.bioslab.rs\/apoteka\/#website"},"primaryImageOfPage":{"@id":"https:\/\/www.bioslab.rs\/apoteka\/product\/dermal\/#primaryimage"},"image":{"@id":"https:\/\/www.bioslab.rs\/apoteka\/product\/dermal\/#primaryimage"},"thumbnailUrl":"https:\/\/www.bioslab.rs\/apoteka\/wp-content\/uploads\/2024\/08\/dermal.jpg","datePublished":"2024-08-10T16:01:04+00:00","breadcrumb":{"@id":"https:\/\/www.bioslab.rs\/apoteka\/product\/dermal\/#breadcrumb"},"inLanguage":"sr-RS","potentialAction":[{"@type":"ReadAction","target":["https:\/\/www.bioslab.rs\/apoteka\/product\/dermal\/"]}]},{"@type":"ImageObject","inLanguage":"sr-RS","@id":"https:\/\/www.bioslab.rs\/apoteka\/product\/dermal\/#primaryimage","url":"https:\/\/www.bioslab.rs\/apoteka\/wp-content\/uploads\/2024\/08\/dermal.jpg","contentUrl":"https:\/\/www.bioslab.rs\/apoteka\/wp-content\/uploads\/2024\/08\/dermal.jpg","width":250,"height":300,"caption":"dermal"},{"@type":"BreadcrumbList","@id":"https:\/\/www.bioslab.rs\/apoteka\/product\/dermal\/#breadcrumb","itemListElement":[{"@type":"ListItem","position":1,"name":"Home","item":"http:\/\/www.bioslab.rs\/apoteka\/"},{"@type":"ListItem","position":2,"name":"Dodaci Prehrani","item":"http:\/\/www.bioslab.rs\/apoteka\/"},{"@type":"ListItem","position":3,"name":"Dermal"}]},{"@type":"WebSite","@id":"http:\/\/www.bioslab.rs\/apoteka\/#website","url":"http:\/\/www.bioslab.rs\/apoteka\/","name":"Srbija Apoteka","description":"","potentialAction":[{"@type":"SearchAction","target":{"@type":"EntryPoint","urlTemplate":"http:\/\/www.bioslab.rs\/apoteka\/?s={search_term_string}"},"query-input":{"@type":"PropertyValueSpecification","valueRequired":true,"valueName":"search_term_string"}}],"inLanguage":"sr-RS"}]}},"_links":{"self":[{"href":"https:\/\/www.bioslab.rs\/apoteka\/wp-json\/wp\/v2\/product\/175","targetHints":{"allow":["GET"]}}],"collection":[{"href":"https:\/\/www.bioslab.rs\/apoteka\/wp-json\/wp\/v2\/product"}],"about":[{"href":"https:\/\/www.bioslab.rs\/apoteka\/wp-json\/wp\/v2\/types\/product"}],"wp:featuredmedia":[{"embeddable":true,"href":"https:\/\/www.bioslab.rs\/apoteka\/wp-json\/wp\/v2\/media\/176"}],"wp:attachment":[{"href":"https:\/\/www.bioslab.rs\/apoteka\/wp-json\/wp\/v2\/media?parent=175"}],"wp:term":[{"taxonomy":"product_brand","embeddable":true,"href":"https:\/\/www.bioslab.rs\/apoteka\/wp-json\/wp\/v2\/product_brand?post=175"},{"taxonomy":"product_cat","embeddable":true,"href":"https:\/\/www.bioslab.rs\/apoteka\/wp-json\/wp\/v2\/product_cat?post=175"},{"taxonomy":"product_tag","embeddable":true,"href":"https:\/\/www.bioslab.rs\/apoteka\/wp-json\/wp\/v2\/product_tag?post=175"}],"curies":[{"name":"wp","href":"https:\/\/api.w.org\/{rel}","templated":true}]}}